{"id":3877,"date":"2023-03-14T08:40:43","date_gmt":"2023-03-14T08:40:43","guid":{"rendered":"https:\/\/spswierzno.edu.pl\/?page_id=3877"},"modified":"2025-03-04T08:54:08","modified_gmt":"2025-03-04T08:54:08","slug":"zapewnianie-dostepnosci","status":"publish","type":"page","link":"https:\/\/spswierzno.edu.pl\/?page_id=3877","title":{"rendered":"Deklaracja dost\u0119pno\u015bci"},"content":{"rendered":"<p class=\"has-text-align-left\" style=\"text-align: left;\"><strong>Wst\u0119p<\/strong><br \/>\nSzko\u0142a Podstawowa im. Henryka Sienkiewicza w \u015awierznie zobowi\u0105zuje si\u0119 zapewni\u0107 dost\u0119pno\u015b\u0107 swojej strony internetowej zgodnie z przepisami ustawy z dnia 4 kwietnia 2019 r. o dost\u0119pno\u015bci cyfrowej stron internetowych i aplikacji mobilnych podmiot\u00f3w publicznych. O\u015bwiadczenie w sprawie dost\u0119pno\u015bci ma zastosowanie do strony internetowej <a href=\"http:\/\/swierznosp.pl\/\">http:\/\/spswierzno.edu.pl<\/a><\/p>\n<p style=\"text-align: left;\">Data publikacji strony internetowej:<strong> 25<\/strong><strong>.08.2021 r.<\/strong><br \/>\nData ostatniej istotnej aktualizacji:<strong> 04.03.2025 r.<\/strong><\/p>\n<p class=\"has-text-align-left\" style=\"text-align: left;\"><strong>Status pod wzgl\u0119dem zgodno\u015bci z ustaw\u0105<\/strong>:<br \/>\nStrona internetowa jest cz\u0119\u015bciowo zgodna z ustaw\u0105 z dnia 4 kwietnia 2019 r. o dost\u0119pno\u015bci cyfrowej stron internetowych i aplikacji mobilnych podmiot\u00f3w publicznych z powodu niezgodno\u015bci lub wy\u0142\u0105cze\u0144 wymienionych poni\u017cej:<br \/>\n\u2013 filmy nie posiadaj\u0105 napis\u00f3w dla os\u00f3b g\u0142uchoniemych<br \/>\n\u2013 niekt\u00f3re zdj\u0119cia z wydarze\u0144 nie posiadaj\u0105 pe\u0142nych opis\u00f3w alternatywnych<br \/>\n\u2013 mapy s\u0105 wy\u0142\u0105czone z obowi\u0105zku zapewniania dost\u0119pno\u015bci<br \/>\n\u2013 dokumenty w formacie PDF nie s\u0105 dokumentami edytowalnymi<br \/>\n\u2013 cz\u0119\u015b\u0107 plik\u00f3w nie jest dost\u0119pna w formie cyfrowej (dost\u0119pne s\u0105 w sekretariacie szko\u0142y)<\/p>\n<p class=\"has-text-align-left\" style=\"text-align: left;\"><strong>Informacje dodatkowe \u2013 strona posiada:<\/strong><br \/>\nNarz\u0119dzie u\u0142atwie\u0144 dost\u0119pu (po wci\u015bni\u0119ciu widocznego po prawej stronie obrazka osoby niepe\u0142nosprawnej na niebieskim tle), kt\u00f3re zawiera:<br \/>\n\u2013 podwy\u017cszony kontrast<br \/>\n\u2013 mo\u017cliwo\u015b\u0107 powi\u0119kszenia liter<br \/>\n\u2013 pod\u015bwietlane linki<br \/>\n\u2013 skala szaro\u015bci<br \/>\n\u2013 jasne t\u0142o<br \/>\n\u2013 opcj\u0119 czytelna czcionka<br \/>\nNa stronie internetowej mo\u017cna u\u017cywa\u0107 standardowych skr\u00f3t\u00f3w klawiaturowych przegl\u0105darki.<\/p>\n<p style=\"text-align: left;\"><strong>Data sporz\u0105dzenia deklaracji:<\/strong><br \/>\nDeklaracja zosta\u0142a sporz\u0105dzona: <strong>28.01.2025 r.<\/strong> (pierwsza deklaracja: 30.08.2021 r.<strong>)<\/strong><\/p>\n<p style=\"text-align: left;\">Deklaracj\u0119 sporz\u0105dzono na podstawie samooceny dokonanej przez pracownika Szko\u0142y Podstawowej im. Henryka Sienkiewicza w \u015awierznie.<\/p>\n<p style=\"text-align: left;\"><strong>Kontakt i informacje zwrotne:<\/strong><br \/>\nOsoby do kontaktu w sprawie dost\u0119pno\u015bci: <strong>Mateusz Ilkiewicz<\/strong> lub <strong>Katarzyna Cybulska<\/strong><br \/>\ne-mail: <a href=\"mailto:mateusz.ilkiewicz@gmail.com\">mateusz.ilkiewicz@gmail.com<\/a><br \/>\nub skontaktowa\u0107 si\u0119 z sekretariatem szko\u0142y: <a href=\"mailto:spswierzno@miastko.pl\">spswierzno@miastko.pl<\/a> lub <a href=\"mailto:sp.swierzno@op.pl\">sp.swierzno@op.pl<\/a><br \/>\ntelefon: (<strong>59) 858 32 67<\/strong><br \/>\nT\u0105 sam\u0105 drog\u0105 mo\u017cna sk\u0142ada\u0107 wnioski o udost\u0119pnienie informacji niedost\u0119pnej oraz <strong>sk\u0142ada\u0107 \u017c\u0105dania zapewnienia dost\u0119pno\u015bci<\/strong>.<\/p>\n<p style=\"text-align: left;\"><strong>Procedura wnioskowo-skargowa:<\/strong><br \/>\nKa\u017cdy ma prawo do wyst\u0105pienia z \u017c\u0105daniem zapewnienia dost\u0119pno\u015bci cyfrowej strony internetowej, aplikacji mobilnej lub jakiego\u015b ich elementu. Mo\u017cna tak\u017ce za\u017c\u0105da\u0107 udost\u0119pnienia informacji za pomoc\u0105 alternatywnego sposobu dost\u0119pu, na przyk\u0142ad przez odczytanie niedost\u0119pnego cyfrowo dokumentu, opisanie zawarto\u015bci filmu bez audiodeskrypcji itp. \u017b\u0105danie powinno zawiera\u0107 dane osoby zg\u0142aszaj\u0105cej \u017c\u0105danie, wskazanie, o kt\u00f3r\u0105 stron\u0119 internetow\u0105 lub aplikacj\u0119 mobiln\u0105 chodzi oraz spos\u00f3b kontaktu. Je\u017celi osoba \u017c\u0105daj\u0105ca zg\u0142asza potrzeb\u0119 otrzymania informacji za pomoc\u0105 alternatywnego sposobu dost\u0119pu, powinna tak\u017ce okre\u015bli\u0107 dogodny dla niej spos\u00f3b przedstawienia tej informacji. Podmiot publiczny powinien zrealizowa\u0107 \u017c\u0105danie niezw\u0142ocznie, nie p\u00f3\u017aniej ni\u017c w ci\u0105gu 7 dni od dnia wyst\u0105pienia z \u017c\u0105daniem. Je\u017celi dotrzymanie tego terminu nie jest mo\u017cliwe, podmiot publiczny niezw\u0142ocznie informuje o tym wnosz\u0105cego \u017c\u0105danie, kiedy realizacja \u017c\u0105dania b\u0119dzie mo\u017cliwa, przy czym termin ten nie mo\u017ce by\u0107 d\u0142u\u017cszy ni\u017c 2 miesi\u0105ce od dnia wyst\u0105pienia z \u017c\u0105daniem. Je\u017celi zapewnienie dost\u0119pno\u015bci cyfrowej nie jest mo\u017cliwe, podmiot publiczny mo\u017ce zaproponowa\u0107 alternatywny spos\u00f3b dost\u0119pu do informacji. W przypadku, gdy podmiot publiczny odm\u00f3wi realizacji \u017c\u0105dania zapewnienia dost\u0119pno\u015bci lub alternatywnego sposobu dost\u0119pu do informacji, wnosz\u0105cy \u017c\u0105danie mo\u017cne z\u0142o\u017cy\u0107 skarg\u0119 w sprawie zapewniana dost\u0119pno\u015bci cyfrowej strony internetowej, aplikacji mobilnej lub elementu strony internetowej, lub aplikacji mobilnej. Po wyczerpaniu wskazanej wy\u017cej procedury mo\u017cna tak\u017ce z\u0142o\u017cy\u0107 wniosek do Rzecznika Praw Obywatelskich: <a href=\"http:\/\/www.rpo.gov.pl\/\">www.rpo.gov.pl<\/a><\/p>\n<p style=\"text-align: left;\"><strong>Dost\u0119pno\u015b\u0107 architektoniczna:<\/strong><br \/>\n1. Do budynku szko\u0142y (adres: <strong>\u015awierzno 4, 77-200 Miastko<\/strong>) mo\u017cna dosta\u0107 si\u0119 wej\u015bciem g\u0142\u00f3wnym od strony ulicy, prowadz\u0105 do niego schody, brak podjazd\u00f3w dla os\u00f3b niepe\u0142nosprawnych lub wej\u015bciem bocznym od strony sali gimnastycznej. Na drzwiach wej\u015bcia g\u0142\u00f3wnego jest dzwonek informuj\u0105cy pracownika szko\u0142y o ch\u0119ci wej\u015bcia do plac\u00f3wki. Nad wej\u015bciami nie ma g\u0142o\u015bnik\u00f3w systemu naprowadzaj\u0105cego d\u017awi\u0119kowo osoby niewidome i s\u0142abowidz\u0105ce.<br \/>\n2. Na terenie szko\u0142y nie ma oznaczonych miejsc parkingowych dla os\u00f3b niepe\u0142nosprawnych, ale jest mo\u017cliwo\u015b\u0107 zaparkowania pojazdu przez interesant\u00f3w odwiedzaj\u0105cych szko\u0142\u0119.<br \/>\n3. Osobami oddelegowanymi do udzielania informacji przy wej\u015bciu g\u0142\u00f3wnym s\u0105 pracownicy obs\u0142ugi.<br \/>\n4. W budynku na ka\u017cdym poziomie (parter, pierwsze pi\u0119tro, kot\u0142ownia) znajduje si\u0119 korytarz. W budynku nie ma wind.<br \/>\n5. W budynku nie ma dostosowa\u0144 dla os\u00f3b niepe\u0142nosprawnych (toalety barierki, winda dla w\u00f3zka inwalidzkiego).<br \/>\n6. Do szko\u0142y mo\u017ce wej\u015b\u0107 osoba z psem asystuj\u0105cym i psem przewodnikiem.<br \/>\n7. W szkole nie ma t\u0142umacza j\u0119zyka migowego.<\/p>\n<p style=\"text-align: left;\">&nbsp;<\/p>\n","protected":false},"excerpt":{"rendered":"<p>Wst\u0119p Szko\u0142a Podstawowa im. Henryka Sienkiewicza w \u015awierznie zobowi\u0105zuje si\u0119 zapewni\u0107 dost\u0119pno\u015b\u0107 swojej strony internetowej zgodnie z przepisami ustawy z dnia 4 kwietnia 2019 r. o dost\u0119pno\u015bci cyfrowej stron internetowych i aplikacji mobilnych podmiot\u00f3w publicznych. O\u015bwiadczenie w sprawie dost\u0119pno\u015bci ma zastosowanie do strony internetowej http:\/\/spswierzno.edu.pl Data publikacji strony internetowej: 25.08.2021 r. Data ostatniej istotnej aktualizacji:\u2026 <span class=\"read-more\"><a href=\"https:\/\/spswierzno.edu.pl\/?page_id=3877\">Dowiedz si\u0119 wi\u0119cej &raquo;<\/a><\/span><\/p>\n","protected":false},"author":1,"featured_media":0,"parent":0,"menu_order":0,"comment_status":"closed","ping_status":"closed","template":"","meta":{"ngg_post_thumbnail":0,"footnotes":""},"class_list":["post-3877","page","type-page","status-publish","hentry"],"_links":{"self":[{"href":"https:\/\/spswierzno.edu.pl\/index.php?rest_route=\/wp\/v2\/pages\/3877","targetHints":{"allow":["GET"]}}],"collection":[{"href":"https:\/\/spswierzno.edu.pl\/index.php?rest_route=\/wp\/v2\/pages"}],"about":[{"href":"https:\/\/spswierzno.edu.pl\/index.php?rest_route=\/wp\/v2\/types\/page"}],"author":[{"embeddable":true,"href":"https:\/\/spswierzno.edu.pl\/index.php?rest_route=\/wp\/v2\/users\/1"}],"replies":[{"embeddable":true,"href":"https:\/\/spswierzno.edu.pl\/index.php?rest_route=%2Fwp%2Fv2%2Fcomments&post=3877"}],"version-history":[{"count":11,"href":"https:\/\/spswierzno.edu.pl\/index.php?rest_route=\/wp\/v2\/pages\/3877\/revisions"}],"predecessor-version":[{"id":9417,"href":"https:\/\/spswierzno.edu.pl\/index.php?rest_route=\/wp\/v2\/pages\/3877\/revisions\/9417"}],"wp:attachment":[{"href":"https:\/\/spswierzno.edu.pl\/index.php?rest_route=%2Fwp%2Fv2%2Fmedia&parent=3877"}],"curies":[{"name":"wp","href":"https:\/\/api.w.org\/{rel}","templated":true}]}}