{"id":1290,"date":"2021-10-28T11:55:34","date_gmt":"2021-10-28T11:55:34","guid":{"rendered":"https:\/\/spswierzno.edu.pl\/?page_id=1290"},"modified":"2024-11-21T08:51:09","modified_gmt":"2024-11-21T08:51:09","slug":"emerytowani-nauczyciele","status":"publish","type":"page","link":"https:\/\/spswierzno.edu.pl\/?page_id=1290","title":{"rendered":"Emerytowani nauczyciele"},"content":{"rendered":"<ul>\n<li>Iwona Ryckiewicz \u2013 nauczyciel i <strong>dyrektor szko\u0142y<\/strong>&nbsp;w latach&nbsp;<em><strong>2002-2019<\/strong><\/em><\/li>\n<li>Barbara Skowron<\/li>\n<li>Ryszard Radtke<\/li>\n<li>Micha\u0142 Lisieczko<\/li>\n<li>Aleksandra \u0141ukomska (\u015bp.)<\/li>\n<li>Jerzy Lubie\u0144ski<\/li>\n<li>Ewa \u0141ukomska<\/li>\n<li>ks. W\u0142odzimierz Bartkowiak (\u015bp.)<\/li>\n<li>Maria G\u0142\u00f3wczewska (\u015bp.)<\/li>\n<li>ks. Pawe\u0142 Brostowicz (\u015bp.)<\/li>\n<li>Miros\u0142awa Dunder<\/li>\n<li>Tomasz Sztobnicki<\/li>\n<li>Bo\u017cena Stasiak<\/li>\n<\/ul>\n","protected":false},"excerpt":{"rendered":"<p>Iwona Ryckiewicz \u2013 nauczyciel i dyrektor szko\u0142y&nbsp;w latach&nbsp;2002-2019 Barbara Skowron Ryszard Radtke Micha\u0142 Lisieczko Aleksandra \u0141ukomska (\u015bp.) Jerzy Lubie\u0144ski Ewa \u0141ukomska ks. W\u0142odzimierz Bartkowiak (\u015bp.) Maria G\u0142\u00f3wczewska (\u015bp.) ks. Pawe\u0142 Brostowicz (\u015bp.) Miros\u0142awa Dunder Tomasz Sztobnicki Bo\u017cena Stasiak<\/p>\n","protected":false},"author":1,"featured_media":0,"parent":22,"menu_order":0,"comment_status":"closed","ping_status":"closed","template":"","meta":{"ngg_post_thumbnail":0,"footnotes":""},"class_list":["post-1290","page","type-page","status-publish","hentry"],"_links":{"self":[{"href":"https:\/\/spswierzno.edu.pl\/index.php?rest_route=\/wp\/v2\/pages\/1290","targetHints":{"allow":["GET"]}}],"collection":[{"href":"https:\/\/spswierzno.edu.pl\/index.php?rest_route=\/wp\/v2\/pages"}],"about":[{"href":"https:\/\/spswierzno.edu.pl\/index.php?rest_route=\/wp\/v2\/types\/page"}],"author":[{"embeddable":true,"href":"https:\/\/spswierzno.edu.pl\/index.php?rest_route=\/wp\/v2\/users\/1"}],"replies":[{"embeddable":true,"href":"https:\/\/spswierzno.edu.pl\/index.php?rest_route=%2Fwp%2Fv2%2Fcomments&post=1290"}],"version-history":[{"count":4,"href":"https:\/\/spswierzno.edu.pl\/index.php?rest_route=\/wp\/v2\/pages\/1290\/revisions"}],"predecessor-version":[{"id":8167,"href":"https:\/\/spswierzno.edu.pl\/index.php?rest_route=\/wp\/v2\/pages\/1290\/revisions\/8167"}],"up":[{"embeddable":true,"href":"https:\/\/spswierzno.edu.pl\/index.php?rest_route=\/wp\/v2\/pages\/22"}],"wp:attachment":[{"href":"https:\/\/spswierzno.edu.pl\/index.php?rest_route=%2Fwp%2Fv2%2Fmedia&parent=1290"}],"curies":[{"name":"wp","href":"https:\/\/api.w.org\/{rel}","templated":true}]}}